= -t**2 + 4170*t + 41579. What is d(-10)?
-221
Let s(o) = o**2 - 1010*o - 491462. What is s(1369)?
9
Let v(i) = -65*i**3 + 49*i**2 - 74*i - 44. Calculate v(2).
-516
Let j(y) = y**3 + 18*y**2 - 43*y - 417. Calculate j(-19).
39
Let c(v) = 197*v**2 - 2763*v + 9406. Calculate c(6).
-80
Let y(j) = -3*j**2 + 448*j + 117272. Give y(286).
12
Let w(i) = -480*i**2 + 4465*i - 17894. Calculate w(4).
-7714
Let q(t) = -12*t + 1910. What is q(-63)?
2666
Let n(y) = -272*y - 1821. Determine n(-7).
83
Let w(m) = -m**3 - 204*m**2 - 2*m - 915. Determine w(0).
-915
Let w(i) = 246*i + 20625. Determine w(-84).
-39
Let f(w) = w**3 + 526*w**2 + 1588*w + 57. What is f(-3)?
0
Let z(t) = 90*t**3 + 268*t**2 - 12*t - 11. Calculate z(-3).
7
Let n(h) = h**3 + 53*h**2 - 176*h - 1077. What is n(-56)?
-629
Let i(a) = a**3 - 84*a**2 - 84*a + 560. Give i(85).
645
Let o(z) = 44135*z + 926832. Determine o(-21).
-3
Let g(s) = -74971*s - 899596. Determine g(-12).
56
Let x(p) = 28*p**3 - 487*p**2 - 14*p - 28. Determine x(17).
-3445
Let x(i) = -i**2 + 331*i - 25795. What is x(126)?
35
Let h(k) = -k**3 + 565*k**2 + 4603*k - 10904. What is h(573)?
-17
Let f(i) = -6160*i - 6894. Give f(-1).
-734
Let c(k) = 156112*k + 155953. Give c(-1).
-159
Let p(m) = 16*m + 2122. Determine p(-113).
314
Let h(k) = 659*k + 28184. What is h(-43)?
-153
Let y(w) = -w**3 + 43*w**2 - 9324*w + 287097. Give y(32).
-7
Let u(r) = -338*r + 2039. Determine u(19).
-4383
Let q(r) = 6250*r**2 + 7*r - 331. What is q(0)?
-331
Let o(g) = -43251*g + 8390698. Calculate o(194).
4
Let k(a) = 90*a**2 + 1885*a - 134. What is k(-21)?
-29
Let f(s) = s**2 - 23*s - 39. Calculate f(22).
-61
Let q(t) = 98*t - 38. What is q(5)?
452
Let p(i) = 2538*i - 53230. Determine p(22).
2606
Let a(t) = t**2 - 100749*t - 1914581. Calculate a(-19).
11
Let c(v) = -2165*v - 9782. What is c(-3)?
-3287
Let l(q) = -q**3 + 52*q**2 - 502*q - 797. Calculate l(15).
-2
Let q(p) = -4857*p - 106873. What is q(-22)?
-19
Let s(v) = -44*v + 13742. Determine s(312).
14
Let v(c) = 745*c - 573. Determine v(0).
-573
Let l(t) = 145*t**2 + 269*t - 272. What is l(1)?
142
Let x(j) = 7*j**2 + 2471*j + 155585. Calculate x(-271).
31
Let a(l) = -6*l**2 - 19177*l - 57469. Give a(-3).
8
Let p(x) = 5*x**3 + 27*x**2 - 42*x + 45. What is p(-8)?
-451
Let u(g) = 32*g**2 - 103*g - 633. Determine u(-6).
1137
Let q(i) = 58*i - 8195. Calculate q(130).
-655
Let x(z) = -z**2 - 21715*z - 433909. What is x(-20)?
-9
Let w(c) = 2*c**3 + 15*c**2 + 108*c - 26. What is w(-8)?
-954
Let x(z) = -367*z + 77234. What is x(211)?
-203
Let c(f) = -f**3 - 53*f**2 - 765*f + 462. What is c(-30)?
2712
Let z(f) = 2*f**2 + 137*f + 184. Give z(-5).
-451
Let j(w) = 2*w**3 - 499*w**2 - 1743*w - 7075. Determine j(253).
9
Let r(s) = -9930*s - 10143. Determine r(-1).
-213
Let n(b) = -690*b - 207662. Determine n(-301).
28
Let r(t) = -49*t**2 + 475*t + 15. Determine r(7).
939
Let c(f) = -2391*f - 258188. Calculate c(-108).
40
Let v(u) = 65*u**3 - 39*u**2 + 50*u - 7. Calculate v(1).
69
Let l(b) = 13*b**2 + 175*b - 26595. Calculate l(39).
3
Let m(a) = -a**3 - 3*a**2 + 43*a + 40. Calculate m(8).
-320
Let s(x) = -2955*x - 3729217. What is s(-1262)?
-7
Let u(h) = -2*h**3 + 102*h**2 + 1094*h + 95. Give u(-9).
-31
Let v(d) = d**3 + 46*d**2 + 43*d - 181. Give v(-45).
-91
Let m(f) = f**3 + 90*f**2 + 1911*f - 1784. Calculate m(-54).
-2
Let v(r) = -854*r + 168150. Calculate v(197).
-88
Let d(c) = -6*c**2 + 4029*c - 440536. What is d(534)?
14
Let b(q) = 5*q**2 + 582*q - 2310. What is b(-119)?
-763
Let p(t) = 4887187*t + 39097499. Determine p(-8).
3
Let y(v) = -301113*v + 48479189. Determine y(161).
-4
Let o(x) = 6*x**3 - 1339*x**2 + 218*x + 1117. Determine o(223).
2
Let d(s) = 88133*s + 16304609. Determine d(-185).
4
Let x(m) = -1155*m - 389241. Calculate x(-337).
-6
Let j(g) = 1854*g + 187265. What is j(-101)?
11
Let j(p) = 168*p**2 + 124*p - 179. Calculate j(1).
113
Let w(i) = 24*i**2 + 4*i - 32. Give w(-6).
808
Let r(c) = -12914*c + 219567. Calculate r(17).
29
Let r(w) = w**3 + 40*w**2 + 3*w - 44. Calculate r(-38).
2730
Let n(p) = p**3 + 115*p**2 - 11*p - 1108. Calculate n(-115).
157
Let n(i) = 8375*i - 226211. Calculate n(27).
-86
Let y(c) = -c**3 - 108*c**2 - 1889*c + 370. Determine y(-86).
112
Let u(x) = -3007*x - 405922. Determine u(-135).
23
Let m(k) = -89656*k - 179620. What is m(-2)?
-308
Let g(f) = -8364*f + 15766136. Calculate g(1885).
-4
Let a(j) = -21*j**2 - 987*j + 2054. Determine a(-49).
-4
Let g(x) = 575*x**3 + 202*x**2 - 174*x - 27. Determine g(1).
576
Let j(v) = -317*v - 1609. Determine j(-6).
293
Let g(b) = b**2 - 949*b + 212639. Calculate g(363).
-79
Let t(v) = 790*v + 38842. Calculate t(-49).
132
Let i(c) = -684*c - 4161. Calculate i(-6).
-57
Let g(w) = w**3 - 10*w**2 + 69*w - 380. Calculate g(7).
-44
Let t(v) = 100415*v - 1004244. Give t(10).
-94
Let m(n) = -n**2 + 187*n - 5812. What is m(42)?
278
Let z(r) = 17527*r + 27499853. Give z(-1569).
-10
Let i(w) = -130*w + 28514. Calculate i(222).
-346
Let m(f) = -f**3 + f**2 - 7*f + 2. Give m(0).
2
Let m(w) = -w**2 - 2574*w + 1469466. Determine m(481).
11
Let h(g) = 2*g**3 + 33*g**2 + 68*g - 177. What is h(-13)?
122
Let u(j) = 37293*j + 7607740. What is u(-204)?
-32
Let b(j) = -18*j**2 - 2191*j + 28500. Determine b(12).
-384
Let u(l) = 2*l**2 - 834*l + 51059. Determine u(77).
-1301
Let p(x) = -628*x**3 - 21334*x**2 + 608*x - 140. Determine p(-34).
-4
Let c(p) = -60*p - 2732. What is c(-83)?
2248
Let q(s) = s**2 - 75925*s - 379654. Determine q(-5).
-4
Let l(h) = -2*h**3 - 291*h**2 - 8463*h - 915. Give l(-40).
5
Let i(t) = -1203*t - 8211. Give i(-7).
210
Let v(l) = 7270*l - 3300526. Give v(454).
54
Let i(o) = -3*o**2 + 50628*o - 4081179. Give i(81).
6
Let k(u) = -488*u - 7813. Give k(-16).
-5
Let s(y) = y**3 + 17*y**2 - 167*y - 2917. Calculate s(-17).
-78
Let f(n) = -n**3 + 134*n**2 + 994*n - 979. Give f(141).
8
Let h(j) = 51609*j + 4954466. What is h(-96)?
2
Let f(x) = -x**3 - 256*x**2 + 4389*x + 10070. Calculate f(-272).
6
Let x(u) = -3296*u - 125264. Give x(-38).
-16
Let l(r) = 284*r - 53965. Give l(190).
-5
Let p(f) = f**2 - 1367*f - 100584. Calculate p(-70).
6
Let y(f) = -3968*f + 47499. Determine y(12).
-117
Let t(s) = s**2 + 15424*s + 507888. What is t(-33)?
-15
Let m(t) = -4*t**3 + 146*t**2 - 1289*t + 65. Calculate m(16).
433
Let d(f) = 136*f**2 - 21218*f - 23. Give d(156).
-335
Let r(q) = -399*q + 10530. Determine r(15).
4545
Let x(s) = -64*s**3 - s**2 + 391*s - 391. Calculate x(1).
-65
Let f(r) = -r**2 - 299*r - 2158. What is f(-291)?
170
Let w(k) = 1256*k - 1444. Calculate w(-3).
-5212
Let l(u) = 25*u**2 + 336*u + 443. What is l(-12)?
11
Let v(i) = -i**3 + 64*i**2 + 151*i - 1237. Determine v(66).
17
Let h(o) = -o**3 + o**2 + 3554*o + 87. Determine h(0).
87
Let c(a) = -a**3 - 55*a**2 - 308*a - 9984. What is c(-53)?
722
Let s(l) = l**3 - 243*l**2 - 1241*l + 255. Calculate s(248).
7
Let r(a) = a**3 + 327*a**2 + 11474*a - 239. What is r(-40)?
1
Let j(o) = -231*o + 45008. Give j(205).
-2347
Let c(w) = -7*w**2 - 1164*w - 1985. Give c(-167).
-2820
Let z(u) = 182*u + 28413. Give z(-153).
567
Let z(c) = 34057*c + 1566630. Calculate z(-46).
8
Let t(o) = -o**2 - 2042*o - 89806. Calculate t(-45).
59
Let v(r) = -7*r**2 + 1190*r - 6863. What is v(164)?
25
Let j(a) = 24*a**3 + 391*a**2 + 93*a - 122. Give j(-16).
182
Let z(f) = -24643*f - 246437. What is z(-10)?
-7
Let k(o) = -329*o + 2309. Calculate k(8).
-323
Let b(c) = 232*c**2 - 2725*c + 70. Give b(11).
-1833
Let a(h) = 938*h + 3597. Give a(-5).
-1093
Let v(h) = -h**2 + 7450*h + 186868. Calculate v(-25).
-7
Let y(a) = -a**2 + 923*a + 63032. Calculate y(-64).
-136
Let x(u) = -8*u**3 + 167*u**2 - 267*u - 283. Calculate x(19).
59
Let i(p) = -p**3 - 406*p**2 - 1626*p - 7183. What is i(-402)?
53
Let a(x) = -x**3 - 22*x**2 + 392*x - 266. Give a(11).
53
Let q(u) = 7*u**2 + 174*u + 1087. Calculate q(-6).
295
Let h(y) = -y**3 - 279*y**2 - 810*y + 4951. Calculate h(-276).
-17
Let a(b) = 4*b**3 - 29*b**2 - 25*b + 233. Calculate a(7).
9
Let a(q) = q**3 - 14*q**2 + 3*q + 3055. Calculate a(-11).
-3
Let b(v) = v**3 - 19*v**2 + 149*v - 198. Determine b(4).
158
Let m(f) = -f**3 + 158*f**2 + 5556*f - 2514. What is m(-30)?
6
Let t(j) = 163*j**3 + 982*j**2 + 16*j - 38. Calculate t(-6).
10
Let l(q) = -110*q + 1182. Determine l(-1